o + 20. What is u(2)?
22
Let p(m) = -4*m - 16. Calculate p(-3).
-4
Let i(v) = -v**2 + 14*v + 85. What is i(-5)?
-10
Let f(p) = p**2 - 39*p + 177. Determine f(34).
7
Let m(r) = r**3 - 4*r**2 - 4*r + 2. What is m(5)?
7
Let x(a) = a**2 + 7*a - 2. Calculate x(-4).
-14
Let s(k) = 15*k - 193. Determine s(11).
-28
Let o(x) = -x**3 - 6*x**2 - 4*x + 3. Determine o(-4).
-13
Let i(k) = k**3 + 10*k**2 + 17*k + 12. What is i(-8)?
4
Let g(m) = m - 13. Calculate g(15).
2
Let q(i) = 4*i**2 - 22*i - 8. Give q(6).
4
Let j(r) = r**2 - 70*r - 372. Give j(-5).
3
Let v(a) = -a**2 - 12*a + 9. Give v(-11).
20
Let b(n) = -4*n - 6. Give b(-5).
14
Let u(a) = a**2 - 6*a - 102. What is u(-8)?
10
Let z(p) = -p**2 + 13*p - 13. What is z(10)?
17
Let h(v) = 8*v - 28. Give h(11).
60
Let h(v) = -v**3 - 7*v**2 - 5*v - 8. Calculate h(-6).
-14
Let r(q) = -2*q**3 - 15*q**2 - 13*q - 5. What is r(-6)?
-35
Let k(v) = v**2 - 16*v - 2. Give k(13).
-41
Let g(q) = -q + 5. Calculate g(0).
5
Let p(a) = a**2 + 8*a + 5. Give p(-7).
-2
Let c(o) = -o**2 + 4*o - 4. Determine c(3).
-1
Let n(t) = 2*t**3 - 18*t**2 - 3*t + 24. Determine n(9).
-3
Let a(b) = -b**2 - 12*b - 16. Determine a(-10).
4
Let s(i) = -i**3 + i**2 + 8*i + 47. What is s(5)?
-13
Let q(z) = z**3 + 32*z**2 + 34*z + 62. Determine q(-31).
-31
Let o(i) = 2*i**2 + 5*i - 8. Calculate o(-7).
55
Let z(w) = -2*w**2 - 3*w + 2. Give z(2).
-12
Let f(l) = 13*l - 77. Calculate f(5).
-12
Let m(b) = -b**3 - b**2 - 4*b. What is m(-3)?
30
Let j(p) = -p**3 - 4*p**2 + 33*p - 5. Give j(4).
-1
Let l(b) = 2*b - 36. Determine l(19).
2
Let p(y) = 14*y - 38. Give p(-7).
-136
Let i(x) = x**3 + 2*x**2 - 5*x - 4. Calculate i(-3).
2
Let i(c) = -6*c**2 + 3*c - 4. Calculate i(3).
-49
Let i(f) = -f**3 + 8*f**2 - 22*f + 4. Determine i(5).
-31
Let u(j) = -j**3 - 2*j**2 - 4*j - 2. Give u(-2).
6
Let k(i) = i**2 + 2*i + 9. Give k(-5).
24
Let b(x) = -11*x**2 - 6*x - 4. Determine b(-2).
-36
Let f(a) = -a**3 + 3*a**2 - 3*a - 1. What is f(2)?
-3
Let a(f) = -f**2 + 33*f - 113. Give a(27).
49
Let u(r) = -r**2 - 17*r - 19. Calculate u(-17).
-19
Let b(p) = -p**2 - 10*p - 13. Determine b(-9).
-4
Let a(n) = n**2 - 9*n - 4. Give a(10).
6
Let f(s) = 12*s - 2. What is f(-2)?
-26
Let q(i) = -i**2 + 4*i + 9. Determine q(-4).
-23
Let z(l) = l**3 - 3*l**2 - 2*l - 15. Give z(4).
-7
Let t(z) = z**3 - 22*z**2 - 4. Determine t(22).
-4
Let f(g) = -53*g - 220. What is f(-4)?
-8
Let z(g) = g**2 - 13*g + 6. What is z(13)?
6
Let k(n) = -9*n - 12. What is k(3)?
-39
Let i(m) = 3*m + 26. What is i(-9)?
-1
Let u(k) = k**3 + 10*k**2 - 10*k + 5. Calculate u(-11).
-6
Let o(m) = m**2 - m + 3. Determine o(0).
3
Let o(c) = -4*c**2 + 5. Give o(4).
-59
Let y(z) = z**3 - 6*z**2 - 9*z - 8. Give y(7).
-22
Let s(n) = -2*n**2 + 35*n + 33. What is s(18)?
15
Let k(v) = v**2 - 14*v + 35. Give k(3).
2
Let m(x) = x**3 - 32*x**2 + 204*x + 29. Give m(9).
2
Let w(p) = -p**3 - 4*p**2 + 18*p + 47. Give w(-6).
11
Let u(r) = 9*r + 15. Determine u(10).
105
Let j(a) = 2*a**3 - 31*a**2 + 15*a + 18. Calculate j(15).
18
Let j(p) = p**2 - 59. What is j(-8)?
5
Let p(x) = 18*x - 12. Determine p(2).
24
Let v(d) = -2*d - 4. Give v(-4).
4
Let l(u) = -4*u + 9. Determine l(5).
-11
Let h(x) = -x**3 + 13*x**2 + 13. Determine h(13).
13
Let q(o) = o**3 + 18*o**2 - 14*o - 41. What is q(-19)?
-136
Let w(q) = q**3 + 5*q**2 + 5*q + 14. Determine w(-5).
-11
Let o(w) = w**3 + w - 8. Calculate o(0).
-8
Let l(a) = a**3 - 12*a**2 + 11*a - 1. What is l(11)?
-1
Let w(j) = j**2 + 3*j + 5. Give w(-3).
5
Let l(i) = -i**2 + 9*i - 8. Determine l(9).
-8
Let n(g) = 3*g + 13. Calculate n(-5).
-2
Let g(d) = -d**2 - 5*d + 10. Calculate g(-7).
-4
Let a(v) = v**3 + 9*v**2 + 2*v + 10. Give a(-9).
-8
Let r(t) = -10*t**3 + 5*t**2 + 8*t - 10. Determine r(1).
-7
Let x(y) = -y - 39. Give x(-8).
-31
Let q(z) = -z - 9. Give q(-6).
-3
Let c(t) = t**3 - t - 9. Give c(0).
-9
Let h(u) = 5*u**3 + u**2 - u - 1. Determine h(-2).
-35
Let s(r) = 2*r**2. Give s(-1).
2
Let z(a) = -2*a**2 - 5*a. Calculate z(-4).
-12
Let n(m) = m**3 + 10*m**2 - 12*m - 3. Calculate n(-11).
8
Let q(k) = -16*k + 384. What is q(24)?
0
Let b(i) = 2*i**3 - 14*i**2 + 20*i + 4. Calculate b(2).
4
Let i(k) = 4*k + 44. Give i(-10).
4
Let w(p) = p**3 + 6*p**2 + 2*p - 2. Give w(-6).
-14
Let l(f) = -5*f - 27. Give l(-4).
-7
Let k(f) = -f + 2. Determine k(-17).
19
Let g(y) = 13*y**2 - 104*y - 8. Give g(8).
-8
Let d(m) = m**2 + 13*m + 28. Calculate d(-3).
-2
Let g(h) = 7*h + 1. Determine g(-4).
-27
Let r(f) = f**3 - 6*f**2. Calculate r(6).
0
Let z(h) = 20*h - 3. Calculate z(-2).
-43
Let b(a) = a**2 + 14*a. Determine b(-14).
0
Let v(j) = -2*j**2 + 4*j + 1. What is v(3)?
-5
Let i(f) = -f - 7. Determine i(0).
-7
Let y(x) = -2*x**2 - 13*x - 21. Determine y(-8).
-45
Let d(g) = 17*g - 23. Calculate d(7).
96
Let f(p) = p**3 - 8*p**2 - p + 51. Give f(7).
-5
Let v(u) = -u + 2. Determine v(1).
1
Let k(h) = h**3 - 7*h**2 + 3*h + 4. What is k(6)?
-14
Let t(p) = 4*p - 3. Determine t(3).
9
Let v(p) = -p**2 + 9*p - 12. Determine v(6).
6
Let r(i) = 3*i**2 + 12*i - 4. Calculate r(-4).
-4
Let b(x) = 71*x**2 + x + 1. Determine b(-1).
71
Let f(z) = 22*z - 1. Give f(-2).
-45
Let r(p) = -7*p - 215. Calculate r(-30).
-5
Let j(z) = 33*z + 16. What is j(-3)?
-83
Let d(p) = -3*p + 3. Give d(-3).
12
Let o(q) = -10*q - 470. What is o(-47)?
0
Let a(w) = -39*w - 439. What is a(-11)?
-10
Let d(f) = f - 23. Give d(-10).
-33
Let r(n) = -4*n**2 - 5*n + 11. Calculate r(-3).
-10
Let g(t) = t**2 + 14*t + 13. Determine g(-13).
0
Let t(k) = -2*k**2 - 84*k - 87. What is t(-41)?
-5
Let p(c) = c**3 + 5*c**2 - 21*c - 54. Calculate p(-7).
-5
Let q(a) = 85*a**3 - 2*a**2 + 1. Determine q(-1).
-86
Let y(z) = 5*z**2 - 13*z + 12. Determine y(4).
40
Let m(k) = -2*k - 4. Calculate m(4).
-12
Let j(d) = 2*d - 17. Give j(6).
-5
Let w(p) = -134*p + 5. Calculate w(1).
-129
Let u(j) = -j**2 - 9*j - 4. Give u(-9).
-4
Let q(n) = n + 2. Calculate q(1).
3
Let m(s) = -29*s + 256. Give m(9).
-5
Let u(r) = -r**3 - 2*r**2 + 3*r - 2. Determine u(-4).
18
Let l(y) = -2*y + 58. Calculate l(30).
-2
Let w(t) = -4*t**3 + t**2 - 4*t + 2. Determine w(-3).
131
Let d(f) = f**2 - 2*f + 8. Calculate d(8).
56
Let y(v) = -v**2 - 12*v - 19. Determine y(-11).
-8
Let o(u) = -4*u**2 + u - 1. Determine o(1).
-4
Let q(w) = w**2 - 10*w + 6. What is q(4)?
-18
Let m(v) = 3*v**2 - 65*v - 23. Determine m(22).
-1
Let d(s) = -8*s + 5. What is d(0)?
5
Let l(d) = 8*d**2 - 12*d + 10. Determine l(2).
18
Let o(w) = -w**2 + 4*w + 43. Calculate o(9).
-2
Let l(h) = 12*h + 2. What is l(-1)?
-10
Let w(o) = -o**2 - 8*o + 13. What is w(-10)?
-7
Let u(a) = a**2 - 4*a - 9. Give u(8).
23
Let g(f) = f**3 - 9*f**2 + 15*f - 5. Give g(7).
2
Let j(v) = 2*v**3 + 2*v**2 - 1. What is j(-1)?
-1
Let x(d) = d**3 - 19*d**2 + d - 29. Calculate x(19).
-10
Let b(l) = l**2 + 46*l - 152. What is b(-49)?
-5
Let c(n) = -n + 1. Determine c(-6).
7
Let i(u) = -u**2 - 14. Give i(0).
-14
Let c(h) = -2*h**2. Determine c(-2).
-8
Let v(u) = -u**2 + 11*u + 2. Calculate v(11).
2
Let q(r) = r**3 - 6*r**2 + 8*r - 1. Give q(5).
14
Let a(z) = -z**3 + 13*z**2 - 14*z + 31. What is a(12)?
7
Let v(a) = a**3 - 9*a**2 + 10*a - 2. What is v(8)?
14
Let y(j) = 2*j**3 + 18*j**2 + 17*j + 10. Determine y(-8).
2
Let f(s) = s**2 - s - 158. What is f(13)?
-2
Let z(f) = -f**2 - f + 31. Give z(0).
31
Let a(u) = 77*u - 10. Determine a(-2).
-164
Let h(q) = q**3 - 6*q**2 - 5*q + 22. What is h(6)?
-8
Let n(g) = -g**3 + 14*g**2 + 4*g - 51. Calculate n(14).
5
Let j(x) = -x**2 - 3*x + 12. Give j(-6).
-6
Let v(s) = s**3 + 21*s**2 + 31*s - 135. Calculate v(-19).
-2
Let n(p) = p**2 - p - 6. Determine n(2).
-4
Let k(g) = -4*g**2 - 7*g - 11. What is k(-2)?
-13
Let g(u) = 4*u + 5. Give g(-5).
-15
Let t(q) = q**2 - 3*q + 4. What is t(5)?
14
Let o(z) = -5*z**3 - 11*z**2 - 7*z - 7. Determine o(-4).
165
Let h(d) = -d**2 + 8*d - 15. Give h(3).
0
Let b(l) = -14*l - 44. Calculate b(-3).
-2
Let p(g) = -3*g + 112. What is p(38)?
-2
Let q(d) = d**3 + 3*d**2 - 9*d - 1. Determine q(-4).
19
Let j(z) = 14*z - 39. What is j(3)?
3
Let h(q) = 5*q - 31. Determine h(5).
-6
Let f(v) = 2*v**2 - 12*v + 1. Give f(6).
1
Let w(q) = -64*q - 512. Calculate w(-8).
0
Let b(u) = -u + 1. Determine b(4).
-3
Let b(p) = 6*p**3 + 2*p - 1. What is b(1)?
7
Let g(p) = -2*p + 7. Give g(0).
7
Let g(d) = -d**3 + 10*d*